{"id":6621,"date":"2023-10-16T10:14:10","date_gmt":"2023-10-16T07:14:10","guid":{"rendered":"https:\/\/www.wddscyprus.com\/?post_type=tribe_events&#038;p=6621"},"modified":"2023-10-16T10:14:10","modified_gmt":"2023-10-16T07:14:10","slug":"als-hitler-das-rosa-kaninchen-stahl","status":"publish","type":"tribe_events","link":"https:\/\/www.wddscyprus.com\/de\/event\/als-hitler-das-rosa-kaninchen-stahl\/","title":{"rendered":"Als Hitler das rosa Kaninchen stahl"},"content":{"rendered":"<p>Im Rahmen der <em>Wochen der deutschen Sprache<\/em> organisiert das Goethe-Institut Zypern Filmvorf\u00fchrungen an den beiden Schulen in Zypern, die zum weltweiten PASCH-Netzwerk geh\u00f6ren, der International School of Paphos (ISOP) und der Heritage Private School in Limassol. Beide Filme befassen sich mit den nach wie vor aktuellen Themen Rassismus und Vertreibung, allerdings aus der Perspektive von Kindern. <em>Als Hitler das rosa Kaninchen stahl<\/em> spielt in Deutschland in den fr\u00fchen 1930er Jahren und Zu weit weg in den sp\u00e4ten 2010er Jahren.<\/p>\n<p><em>Als Hitler das rosa Kaninchen stahl<\/em> (2019) wurde von der Oscar-pr\u00e4mierten Regisseurin Caroline Link inszeniert. Sie ist bekannt daf\u00fcr, komplexe Themen durch emotionales Storytelling zu behandeln, ein Ansatz, den sie auch bei diesem Film verfolgte. Die Regisseurin selbst sagte \u00fcber die Filme <em>Als Hitler das rosa Kaninchen stahl<\/em> und <em>Nirgendwo in Afrika<\/em> (2001), dass sie von der Tatsache fasziniert war, dass beide Geschichten vom Dritten Reich handeln, aber nicht in Deutschland spielen.<\/p>\n<p>Berlin 1933: Anna Kemper ist 9 Jahre alt, als ihr Leben auf den Kopf gestellt wird. Um den Nazis zu entkommen, muss ihr Vater aus Deutschland nach Z\u00fcrich fliehen. Seine Familie folgt ihm kurz darauf. Anna kann sich nur eine ihrer Spielsachen zum Mitnehmen aussuchen. Viele andere Dinge muss sie zur\u00fccklassen. Sie muss sich nun den Herausforderungen und N\u00f6ten stellen, ihre Heimat zu verlassen und in ein fremdes Land zu fliehen.<\/p>\n<p>Der Film ist eine Literaturverfilmung des halbautographischen Buches von Judith Kerr. Das Buch wurde 1971 erstmals auf Englisch ver\u00f6ffentlicht, 1973 folgte eine deutsche \u00dcbersetzung von Annemarie B\u00f6ll. Das Buch, das f\u00fcr Kinder geschrieben wurde, erz\u00e4hlt die Geschichte aus der Perspektive eines Kindes. Es ist Pflichtlekt\u00fcre in vielen Schulen in Deutschland und hat sich \u00fcber eine Million Mal verkauft. Judith Kerr verstarb im Mai 2019, bevor der Film im Dezember desselben Jahres in die Kinos kam.<\/p>\n<p><strong>Die Filmvorf\u00fchrungen sind \u00f6ffentlich.<\/strong><\/p>\n<p>Trailer: <a href=\"https:\/\/youtu.be\/oNg1OCFGbr8?feature=shared\">https:\/\/youtu.be\/oNg1OCFGbr8?feature=shared<\/a><\/p>\n","protected":false},"excerpt":{"rendered":"<p>Im Rahmen der Wochen der deutschen Sprache organisiert das Goethe-Institut Zypern Filmvorf\u00fchrungen an den beiden Schulen in Zypern, die zum weltweiten PASCH-Netzwerk geh\u00f6ren, der International School of Paphos (ISOP) und [&hellip;]<\/p>\n","protected":false},"author":1,"featured_media":6613,"template":"","meta":{"_acf_changed":false,"_seopress_titles_title":"","_seopress_titles_desc":"","_seopress_robots_index":"","_seopress_robots_follow":"","_seopress_robots_imageindex":"","_seopress_robots_snippet":"","_seopress_robots_primary_cat":"","_seopress_robots_breadcrumbs":"","_seopress_robots_freeze_modified_date":"","_seopress_robots_custom_modified_date":"","_seopress_robots_canonical":"","_seopress_social_fb_title":"","_seopress_social_fb_desc":"","_seopress_social_fb_img":"","_seopress_social_fb_img_attachment_id":0,"_seopress_social_fb_img_width":0,"_seopress_social_fb_img_height":0,"_seopress_social_twitter_title":"","_seopress_social_twitter_desc":"","_seopress_social_twitter_img":"","_seopress_social_twitter_img_attachment_id":0,"_seopress_social_twitter_img_width":0,"_seopress_social_twitter_img_height":0,"_seopress_redirections_value":"","_seopress_redirections_enabled":"","_seopress_redirections_enabled_regex":"","_seopress_redirections_logged_status":"both","_seopress_redirections_param":"","_seopress_redirections_type":301,"_seopress_analysis_target_kw":"","_seopress_news_disabled":"","_seopress_video_disabled":"","_seopress_video":[],"_seopress_pro_schemas_manual":[],"_seopress_pro_rich_snippets_disable_all":"","_seopress_pro_rich_snippets_disable":[],"_seopress_pro_schemas":[],"rs_blank_template":"","rs_page_bg_color":"","slide_template_v7":"","_tribe_events_status":"","_tribe_events_status_reason":"","_tribe_events_is_hybrid":"","_tribe_events_is_virtual":"","_tribe_events_virtual_video_source":"","_tribe_events_virtual_embed_video":"","_tribe_events_virtual_linked_button_text":"","_tribe_events_virtual_linked_button":"","_tribe_events_virtual_show_embed_at":"","_tribe_events_virtual_show_embed_to":[],"_tribe_events_virtual_show_on_event":"","_tribe_events_virtual_show_on_views":"","_tribe_events_virtual_url":"","footnotes":""},"tags":[35,358],"tribe_events_cat":[346,347,349,348],"class_list":["post-6621","tribe_events","type-tribe_events","status-publish","has-post-thumbnail","hentry","tag-film-de","tag-goethe-institut-2-de","tribe_events_cat-events-2023-de","tribe_events_cat-film-events-2023-de","tribe_events_cat-film-veranstaltungen-2023","tribe_events_cat-veranstaltungen-2023","cat_events-2023-de","cat_film-events-2023-de","cat_film-veranstaltungen-2023","cat_veranstaltungen-2023"],"acf":[],"_links":{"self":[{"href":"https:\/\/www.wddscyprus.com\/de\/wp-json\/wp\/v2\/tribe_events\/6621","targetHints":{"allow":["GET"]}}],"collection":[{"href":"https:\/\/www.wddscyprus.com\/de\/wp-json\/wp\/v2\/tribe_events"}],"about":[{"href":"https:\/\/www.wddscyprus.com\/de\/wp-json\/wp\/v2\/types\/tribe_events"}],"author":[{"embeddable":true,"href":"https:\/\/www.wddscyprus.com\/de\/wp-json\/wp\/v2\/users\/1"}],"version-history":[{"count":3,"href":"https:\/\/www.wddscyprus.com\/de\/wp-json\/wp\/v2\/tribe_events\/6621\/revisions"}],"predecessor-version":[{"id":6627,"href":"https:\/\/www.wddscyprus.com\/de\/wp-json\/wp\/v2\/tribe_events\/6621\/revisions\/6627"}],"wp:featuredmedia":[{"embeddable":true,"href":"https:\/\/www.wddscyprus.com\/de\/wp-json\/wp\/v2\/media\/6613"}],"wp:attachment":[{"href":"https:\/\/www.wddscyprus.com\/de\/wp-json\/wp\/v2\/media?parent=6621"}],"wp:term":[{"taxonomy":"post_tag","embeddable":true,"href":"https:\/\/www.wddscyprus.com\/de\/wp-json\/wp\/v2\/tags?post=6621"},{"taxonomy":"tribe_events_cat","embeddable":true,"href":"https:\/\/www.wddscyprus.com\/de\/wp-json\/wp\/v2\/tribe_events_cat?post=6621"}],"curies":[{"name":"wp","href":"https:\/\/api.w.org\/{rel}","templated":true}]}}

<p>Im Rahmen der <em>Wochen der deutschen Sprache</em> organisiert das Goethe-Institut Zypern Filmvorführungen an den beiden Schulen in Zypern, die zum weltweiten PASCH-Netzwerk gehören, der International School of Paphos (ISOP) und der Heritage Private School in Limassol. Beide Filme befassen sich mit den nach wie vor aktuellen Themen Rassismus und Vertreibung, allerdings aus der Perspektive von Kindern. <em>Als Hitler das rosa Kaninchen stahl</em> spielt in Deutschland in den frühen 1930er Jahren und Zu weit weg in den späten 2010er Jahren.</p>
<p><em>Als Hitler das rosa Kaninchen stahl</em> (2019) wurde von der Oscar-prämierten Regisseurin Caroline Link inszeniert. Sie ist bekannt dafür, komplexe Themen durch emotionales Storytelling zu behandeln, ein Ansatz, den sie auch bei diesem Film verfolgte. Die Regisseurin selbst sagte über die Filme <em>Als Hitler das rosa Kaninchen stahl</em> und <em>Nirgendwo in Afrika</em> (2001), dass sie von der Tatsache fasziniert war, dass beide Geschichten vom Dritten Reich handeln, aber nicht in Deutschland spielen.</p>
<p>Berlin 1933: Anna Kemper ist 9 Jahre alt, als ihr Leben auf den Kopf gestellt wird. Um den Nazis zu entkommen, muss ihr Vater aus Deutschland nach Zürich fliehen. Seine Familie folgt ihm kurz darauf. Anna kann sich nur eine ihrer Spielsachen zum Mitnehmen aussuchen. Viele andere Dinge muss sie zurücklassen. Sie muss sich nun den Herausforderungen und Nöten stellen, ihre Heimat zu verlassen und in ein fremdes Land zu fliehen.</p>
<p>Der Film ist eine Literaturverfilmung des halbautographischen Buches von Judith Kerr. Das Buch wurde 1971 erstmals auf Englisch veröffentlicht, 1973 folgte eine deutsche Übersetzung von Annemarie Böll. Das Buch, das für Kinder geschrieben wurde, erzählt die Geschichte aus der Perspektive eines Kindes. Es ist Pflichtlektüre in vielen Schulen in Deutschland und hat sich über eine Million Mal verkauft. Judith Kerr verstarb im Mai 2019, bevor der Film im Dezember desselben Jahres in die Kinos kam.</p>
<p><strong>Die Filmvorführungen sind öffentlich.</strong></p>
<p>Trailer: <a href="https://youtu.be/oNg1OCFGbr8?feature=shared">https://youtu.be/oNg1OCFGbr8?feature=shared</a></p>

<p>Im Rahmen der Wochen der deutschen Sprache organisiert das Goethe-Institut Zypern Filmvorführungen an den beiden Schulen in Zypern, die zum weltweiten PASCH-Netzwerk gehören, der International School of Paphos (ISOP) und [&hellip;]</p>
